{"id":59,"date":"2018-10-24T16:52:39","date_gmt":"2018-10-24T14:52:39","guid":{"rendered":"http:\/\/frp.macphone.cz\/subdom\/frp\/?page_id=59"},"modified":"2024-10-06T23:31:10","modified_gmt":"2024-10-06T21:31:10","slug":"cena-a-doba-odblokovani","status":"publish","type":"page","link":"https:\/\/frp.macphone.cz\/subdom\/frp\/jak-odstranit-frp-google-ucet\/cena-a-doba-odblokovani\/","title":{"rendered":"Cena a doba odblokov\u00e1n\u00ed"},"content":{"rendered":"<p>Cena odblokov\u00e1n\u00ed Android FRP &#8211; google \u00fa\u010dtu na telefonu s opera\u010dn\u00edm syst\u00e9mem Android se pohybuje od <strong>250 K\u010d<\/strong> a\u017e maxim\u00e1ln\u011b do <strong>500 K\u010d, <\/strong><span style=\"text-decoration: underline;\">u nov\u00fdch telefon\u016f Samsung s posledn\u00ed verz\u00ed bezpe\u010dnostn\u00edch z\u00e1plat je cena <strong>1000K\u010d<\/strong><\/span><strong>.<\/strong> Kontaktujte n\u00e1s a my V\u00e1m v\u017edy \u0159ekneme o jak\u00fd telefon se jedn\u00e1 a jakou \u00farove\u0148 zabezpe\u010den\u00ed bude nutn\u00e9 p\u0159ekonat.<\/p>\n<p>Drtivou v\u011bt\u0161inu odblokov\u00e1n\u00ed V\u00e1m zaru\u010dujeme do druh\u00e9ho dne &#8211; v p\u0159\u00edpad\u011b Va\u0161eho p\u0159\u00e1n\u00ed je mo\u017en\u00e9 prov\u00e9st <strong>odblokov\u00e1n\u00ed na po\u010dk\u00e1n\u00ed nebo u n\u011bkter\u00fdch zna\u010dek i na d\u00e1lku<\/strong>\u00a0 za tuto slu\u017ebu si \u00fa\u010dtujeme p\u0159\u00edplatek od 200 K\u010d do 500 K\u010d.<\/p>\n<p><span style=\"text-decoration: underline;\"><strong><span style=\"color: #ff0000; text-decoration: underline;\">Pokud tedy nechcete telefon odblokovat na po\u010dk\u00e1n\u00ed, vzd\u00e1len\u011b,\u00a0 nebo V\u00e1\u0161 telefon nen\u00ed Samsung s posledn\u00ed verz\u00ed zabezpe\u010den\u00ed, tak cena nikdy nep\u0159es\u00e1hne 500K\u010d<\/span><br \/>\n<\/strong><\/span><\/p>\n<p>Pro konkr\u00e9tn\u00ed cenu n\u00e1s nev\u00e1hejte kdykoliv <a href=\"http:\/\/frp.macphone.cz\/subdom\/frp\/jak-odstranit-frp-google-ucet\/kontakt\/\">kontaktovat<\/a> &#8211; <strong>n\u00e1mi domluven\u00e1 cena se nikdy nezm\u011bn\u00ed!<\/strong><\/p>\n","protected":false},"excerpt":{"rendered":"<p>Cena odblokov\u00e1n\u00ed Android FRP &#8211; google \u00fa\u010dtu na telefonu s opera\u010dn\u00edm syst\u00e9mem Android se pohybuje od 250 K\u010d a\u017e maxim\u00e1ln\u011b do 500 K\u010d, u nov\u00fdch telefon\u016f Samsung s posledn\u00ed verz\u00ed bezpe\u010dnostn\u00edch z\u00e1plat je cena 1000K\u010d. Kontaktujte n\u00e1s a my V\u00e1m v\u017edy \u0159ekneme o jak\u00fd telefon se jedn\u00e1 a jakou \u00farove\u0148 zabezpe\u010den\u00ed bude nutn\u00e9 p\u0159ekonat. Drtivou &hellip; <a href=\"https:\/\/frp.macphone.cz\/subdom\/frp\/jak-odstranit-frp-google-ucet\/cena-a-doba-odblokovani\/\" class=\"more-link\">Pokra\u010dov\u00e1n\u00ed textu <span class=\"screen-reader-text\">Cena a doba odblokov\u00e1n\u00ed<\/span><\/a><\/p>\n","protected":false},"author":1,"featured_media":0,"parent":0,"menu_order":0,"comment_status":"closed","ping_status":"closed","template":"","meta":{"_joinchat":[],"footnotes":""},"class_list":["post-59","page","type-page","status-publish","hentry"],"_links":{"self":[{"href":"https:\/\/frp.macphone.cz\/subdom\/frp\/jak-odstranit-frp-google-ucet\/wp-json\/wp\/v2\/pages\/59","targetHints":{"allow":["GET"]}}],"collection":[{"href":"https:\/\/frp.macphone.cz\/subdom\/frp\/jak-odstranit-frp-google-ucet\/wp-json\/wp\/v2\/pages"}],"about":[{"href":"https:\/\/frp.macphone.cz\/subdom\/frp\/jak-odstranit-frp-google-ucet\/wp-json\/wp\/v2\/types\/page"}],"author":[{"embeddable":true,"href":"https:\/\/frp.macphone.cz\/subdom\/frp\/jak-odstranit-frp-google-ucet\/wp-json\/wp\/v2\/users\/1"}],"replies":[{"embeddable":true,"href":"https:\/\/frp.macphone.cz\/subdom\/frp\/jak-odstranit-frp-google-ucet\/wp-json\/wp\/v2\/comments?post=59"}],"version-history":[{"count":12,"href":"https:\/\/frp.macphone.cz\/subdom\/frp\/jak-odstranit-frp-google-ucet\/wp-json\/wp\/v2\/pages\/59\/revisions"}],"predecessor-version":[{"id":320,"href":"https:\/\/frp.macphone.cz\/subdom\/frp\/jak-odstranit-frp-google-ucet\/wp-json\/wp\/v2\/pages\/59\/revisions\/320"}],"wp:attachment":[{"href":"https:\/\/frp.macphone.cz\/subdom\/frp\/jak-odstranit-frp-google-ucet\/wp-json\/wp\/v2\/media?parent=59"}],"curies":[{"name":"wp","href":"https:\/\/api.w.org\/{rel}","templated":true}]}}