{"id":270,"date":"2021-09-23T23:40:16","date_gmt":"2021-09-23T21:40:16","guid":{"rendered":"http:\/\/frp.macphone.cz\/subdom\/frp\/jak-odstranit-frp-google-ucet\/?page_id=270"},"modified":"2025-10-15T23:01:21","modified_gmt":"2025-10-15T21:01:21","slug":"dalkove-odblokovani-frp-samsung","status":"publish","type":"page","link":"https:\/\/frp.macphone.cz\/subdom\/frp\/jak-odstranit-frp-google-ucet\/dalkove-odblokovani-frp-samsung\/","title":{"rendered":"D\u00e1lkov\u00e9 odblokov\u00e1n\u00ed FRP SAMSUNG"},"content":{"rendered":"\n<p>Nab\u00edz\u00edme mo\u017enost vzd\u00e1len\u00e9ho odblokov\u00e1n\u00ed FRP na <strong>jak\u00e9mkoliv<\/strong> Va\u0161em telefonu Samsung. Odblokov\u00e1n\u00ed prob\u00edh\u00e1 skrze V\u00e1\u0161 po\u010d\u00edta\u010d na kter\u00fd si dle na\u0161ich instrukc\u00ed nainstalujete a nastav\u00edte vhodn\u00fd software pro sd\u00edlen\u00ed Va\u0161eho USB p\u0159ipojen\u00ed. Pak jen p\u0159ipoj\u00edte zapnut\u00fd telefon a po\u0161lete n\u00e1m nejl\u00e9pe screenshot zm\u00edn\u011bn\u00e9ho SW nebo IP adresu.<\/p>\n\n\n\n<p>Komunikace mezi na\u0161im t\u00fdmem a V\u00e1mi prob\u00edh\u00e1 obvykle po telefonu (WhatsApp, SMS).<\/p>\n\n\n\n<p>Odblokov\u00e1n\u00ed Va\u0161eho telefonu prob\u011bhne do 30 minut.<\/p>\n\n\n\n<p>Cena odblokov\u00e1n\u00ed na d\u00e1lku telefon\u016f Samsung kter\u00e9 jsou podporov\u00e1ny je v\u017edy domluvena p\u0159edem.<\/p>\n\n\n\n<p>Je vhodn\u00e9 poznamenat, \u017ee pokud to verze zabezpe\u010den\u00ed spl\u0148uje, je n\u011bkdy  v\u00fdhodn\u011bj\u0161\u00ed telefon odblokovat osobn\u011b. Nev\u00e1hejte n\u00e1s kontaktovat pro detailn\u00ed informace.<\/p>\n\n\n\n<figure class=\"wp-block-image\"><img decoding=\"async\" src=\"https:\/\/preview.redd.it\/rb2myoorqk671.jpg?width=2400&amp;format=pjpg&amp;auto=webp&amp;s=f402177737c5ba0950f1738e84421ee40fd057dc\" alt=\"Easy Samsung FRP Tools v2.7 Download: FRPtools\"\/><\/figure>\n","protected":false},"excerpt":{"rendered":"<p>Nab\u00edz\u00edme mo\u017enost vzd\u00e1len\u00e9ho odblokov\u00e1n\u00ed FRP na jak\u00e9mkoliv Va\u0161em telefonu Samsung. Odblokov\u00e1n\u00ed prob\u00edh\u00e1 skrze V\u00e1\u0161 po\u010d\u00edta\u010d na kter\u00fd si dle na\u0161ich instrukc\u00ed nainstalujete a nastav\u00edte vhodn\u00fd software pro sd\u00edlen\u00ed Va\u0161eho USB p\u0159ipojen\u00ed. Pak jen p\u0159ipoj\u00edte zapnut\u00fd telefon a po\u0161lete n\u00e1m nejl\u00e9pe screenshot zm\u00edn\u011bn\u00e9ho SW nebo IP adresu. Komunikace mezi na\u0161im t\u00fdmem a V\u00e1mi prob\u00edh\u00e1 obvykle po &hellip; <a href=\"https:\/\/frp.macphone.cz\/subdom\/frp\/jak-odstranit-frp-google-ucet\/dalkove-odblokovani-frp-samsung\/\" class=\"more-link\">Pokra\u010dov\u00e1n\u00ed textu <span class=\"screen-reader-text\">D\u00e1lkov\u00e9 odblokov\u00e1n\u00ed FRP SAMSUNG<\/span><\/a><\/p>\n","protected":false},"author":1,"featured_media":0,"parent":0,"menu_order":0,"comment_status":"closed","ping_status":"closed","template":"","meta":{"_joinchat":[],"footnotes":""},"class_list":["post-270","page","type-page","status-publish","hentry"],"_links":{"self":[{"href":"https:\/\/frp.macphone.cz\/subdom\/frp\/jak-odstranit-frp-google-ucet\/wp-json\/wp\/v2\/pages\/270","targetHints":{"allow":["GET"]}}],"collection":[{"href":"https:\/\/frp.macphone.cz\/subdom\/frp\/jak-odstranit-frp-google-ucet\/wp-json\/wp\/v2\/pages"}],"about":[{"href":"https:\/\/frp.macphone.cz\/subdom\/frp\/jak-odstranit-frp-google-ucet\/wp-json\/wp\/v2\/types\/page"}],"author":[{"embeddable":true,"href":"https:\/\/frp.macphone.cz\/subdom\/frp\/jak-odstranit-frp-google-ucet\/wp-json\/wp\/v2\/users\/1"}],"replies":[{"embeddable":true,"href":"https:\/\/frp.macphone.cz\/subdom\/frp\/jak-odstranit-frp-google-ucet\/wp-json\/wp\/v2\/comments?post=270"}],"version-history":[{"count":8,"href":"https:\/\/frp.macphone.cz\/subdom\/frp\/jak-odstranit-frp-google-ucet\/wp-json\/wp\/v2\/pages\/270\/revisions"}],"predecessor-version":[{"id":328,"href":"https:\/\/frp.macphone.cz\/subdom\/frp\/jak-odstranit-frp-google-ucet\/wp-json\/wp\/v2\/pages\/270\/revisions\/328"}],"wp:attachment":[{"href":"https:\/\/frp.macphone.cz\/subdom\/frp\/jak-odstranit-frp-google-ucet\/wp-json\/wp\/v2\/media?parent=270"}],"curies":[{"name":"wp","href":"https:\/\/api.w.org\/{rel}","templated":true}]}}