{"id":225,"date":"2019-08-02T13:58:24","date_gmt":"2019-08-02T11:58:24","guid":{"rendered":"http:\/\/frp.macphone.cz\/subdom\/frp\/jak-odstranit-frp-google-ucet\/?page_id=225"},"modified":"2019-08-02T14:03:45","modified_gmt":"2019-08-02T12:03:45","slug":"zachrana-dat-metodou-isp-direct-emmc","status":"publish","type":"page","link":"https:\/\/frp.macphone.cz\/subdom\/frp\/jak-odstranit-frp-google-ucet\/zachrana-dat-metodou-isp-direct-emmc\/","title":{"rendered":"Z\u00e1chrana dat metodou ISP (direct eMMC)"},"content":{"rendered":"<p><a href=\"http:\/\/frp.macphone.cz\/subdom\/frp\/wp-content\/uploads\/2018\/10\/1.jpg\"><img loading=\"lazy\" decoding=\"async\" class=\"alignleft size-medium wp-image-31\" src=\"http:\/\/frp.macphone.cz\/subdom\/frp\/wp-content\/uploads\/2018\/10\/1-300x198.jpg\" alt=\"\" width=\"300\" height=\"198\" srcset=\"https:\/\/frp.macphone.cz\/subdom\/frp\/wp-content\/uploads\/2018\/10\/1-300x198.jpg 300w, https:\/\/frp.macphone.cz\/subdom\/frp\/wp-content\/uploads\/2018\/10\/1-768x507.jpg 768w, https:\/\/frp.macphone.cz\/subdom\/frp\/wp-content\/uploads\/2018\/10\/1-1024x676.jpg 1024w\" sizes=\"auto, (max-width: 300px) 100vw, 300px\" \/><\/a>Metoda <strong>ISP (In-System-Programming)<\/strong>, kter\u00e1 je tak\u00e9 zn\u00e1m\u00e1 pod n\u00e1zvem <strong>direct eMMC<\/strong> spo\u010d\u00edv\u00e1 ve vyu\u017eit\u00ed mo\u017enosti p\u0159\u00edm\u00e9 komunikace s pam\u011b\u0165ov\u00fdm eMMC chipem prost\u0159ednictv\u00edm vhodn\u00e9ho rozhran\u00ed. A to <strong>bez nutnosti vyjmut\u00ed pam\u011b\u0165ov\u00e9ho chipu<\/strong> ze za\u0159\u00edzen\u00ed. Podobnost s metodou JTAG je v\u0161ak pouze zd\u00e1nliv\u00e1 &#8211; ISP spo\u010d\u00edv\u00e1 v <strong>komunikac\u00ed s eMMC na p\u0159\u00edmo<\/strong>, kde\u017eto JTAG pot\u0159ebuje je\u0161t\u011b procesor.<\/p>\n<p>Pro metodu ISP se pou\u017e\u00edvaj\u00ed tyto piny:<\/p>\n<p style=\"padding-left: 30px;\">&#8211; DAT0<br \/>\n&#8211; CMD<br \/>\n&#8211; CLK<br \/>\n&#8211; VCC (a\u017e 3.3V)<br \/>\n&#8211; VCQ (1.8V)<br \/>\n&#8211; GND<\/p>\n<p>Tyto piny je t\u0159eba lokalizovat na z\u00e1kladn\u00ed desce p\u0159edm\u011btn\u00e9ho mobiln\u00edho termin\u00e1lu a propojit je s vhodn\u00fdm rozhran\u00edm. Vy\u010dten\u00ed pam\u011bti samotn\u00e9 je pak provedeno prost\u0159ednictv\u00edm vhodn\u00e9ho rozhran\u00ed (Z3X, UFi, Riff&#8230;)<\/p>\n<p>Tato metoda je vhodn\u00e1 pro forenzn\u00ed \u00fa\u010dely, z\u00edsk\u00e1v\u00e1n\u00ed dat z rozbit\u00fdch nebo vytopen\u00fdch mobiln\u00edch telefon\u016f. D\u00e1le je mo\u017en\u00e9 j\u00ed vyu\u017e\u00edt pro prolomen\u00ed zabezpe\u010den\u00ed (PIN, gesto&#8230;) nebo i odstran\u011bn\u00ed FRP.<\/p>\n<div id='gallery-1' class='gallery galleryid-225 gallery-columns-3 gallery-size-thumbnail'><figure class='gallery-item'>\n\t\t\t<div class='gallery-icon landscape'>\n\t\t\t\t<a href='https:\/\/frp.macphone.cz\/subdom\/frp\/jak-odstranit-frp-google-ucet\/zachrana-dat-metodou-isp-direct-emmc\/isp_1\/'><img loading=\"lazy\" decoding=\"async\" width=\"150\" height=\"150\" src=\"https:\/\/frp.macphone.cz\/subdom\/frp\/wp-content\/uploads\/2019\/08\/isp_1-150x150.jpg\" class=\"attachment-thumbnail size-thumbnail\" alt=\"\" aria-describedby=\"gallery-1-228\" \/><\/a>\n\t\t\t<\/div>\n\t\t\t\t<figcaption class='wp-caption-text gallery-caption' id='gallery-1-228'>\n\t\t\t\tISP Sony Xperia Z3 compact\n\t\t\t\t<\/figcaption><\/figure><figure class='gallery-item'>\n\t\t\t<div class='gallery-icon landscape'>\n\t\t\t\t<a href='https:\/\/frp.macphone.cz\/subdom\/frp\/jak-odstranit-frp-google-ucet\/zachrana-dat-metodou-isp-direct-emmc\/isp_4\/'><img loading=\"lazy\" decoding=\"async\" width=\"150\" height=\"150\" src=\"https:\/\/frp.macphone.cz\/subdom\/frp\/wp-content\/uploads\/2019\/08\/isp_4-150x150.jpg\" class=\"attachment-thumbnail size-thumbnail\" alt=\"\" aria-describedby=\"gallery-1-231\" \/><\/a>\n\t\t\t<\/div>\n\t\t\t\t<figcaption class='wp-caption-text gallery-caption' id='gallery-1-231'>\n\t\t\t\tISP HTC M8\n\t\t\t\t<\/figcaption><\/figure><figure class='gallery-item'>\n\t\t\t<div class='gallery-icon portrait'>\n\t\t\t\t<a href='https:\/\/frp.macphone.cz\/subdom\/frp\/jak-odstranit-frp-google-ucet\/zachrana-dat-metodou-isp-direct-emmc\/isp_3\/'><img loading=\"lazy\" decoding=\"async\" width=\"150\" height=\"150\" src=\"https:\/\/frp.macphone.cz\/subdom\/frp\/wp-content\/uploads\/2019\/08\/isp_3-150x150.jpg\" class=\"attachment-thumbnail size-thumbnail\" alt=\"\" aria-describedby=\"gallery-1-230\" \/><\/a>\n\t\t\t<\/div>\n\t\t\t\t<figcaption class='wp-caption-text gallery-caption' id='gallery-1-230'>\n\t\t\t\tISP HTC M8\n\t\t\t\t<\/figcaption><\/figure><figure class='gallery-item'>\n\t\t\t<div class='gallery-icon landscape'>\n\t\t\t\t<a href='https:\/\/frp.macphone.cz\/subdom\/frp\/jak-odstranit-frp-google-ucet\/zachrana-dat-metodou-isp-direct-emmc\/isp_2\/'><img loading=\"lazy\" decoding=\"async\" width=\"150\" height=\"150\" src=\"https:\/\/frp.macphone.cz\/subdom\/frp\/wp-content\/uploads\/2019\/08\/isp_2-150x150.jpg\" class=\"attachment-thumbnail size-thumbnail\" alt=\"\" aria-describedby=\"gallery-1-229\" \/><\/a>\n\t\t\t<\/div>\n\t\t\t\t<figcaption class='wp-caption-text gallery-caption' id='gallery-1-229'>\n\t\t\t\tISP Sony Xperia Z3 Compact\n\t\t\t\t<\/figcaption><\/figure>\n\t\t<\/div>\n\n<p>&nbsp;<\/p>\n<p>&nbsp;<\/p>\n","protected":false},"excerpt":{"rendered":"<p>Metoda ISP (In-System-Programming), kter\u00e1 je tak\u00e9 zn\u00e1m\u00e1 pod n\u00e1zvem direct eMMC spo\u010d\u00edv\u00e1 ve vyu\u017eit\u00ed mo\u017enosti p\u0159\u00edm\u00e9 komunikace s pam\u011b\u0165ov\u00fdm eMMC chipem prost\u0159ednictv\u00edm vhodn\u00e9ho rozhran\u00ed. A to bez nutnosti vyjmut\u00ed pam\u011b\u0165ov\u00e9ho chipu ze za\u0159\u00edzen\u00ed. Podobnost s metodou JTAG je v\u0161ak pouze zd\u00e1nliv\u00e1 &#8211; ISP spo\u010d\u00edv\u00e1 v komunikac\u00ed s eMMC na p\u0159\u00edmo, kde\u017eto JTAG pot\u0159ebuje je\u0161t\u011b procesor. &hellip; <a href=\"https:\/\/frp.macphone.cz\/subdom\/frp\/jak-odstranit-frp-google-ucet\/zachrana-dat-metodou-isp-direct-emmc\/\" class=\"more-link\">Pokra\u010dov\u00e1n\u00ed textu <span class=\"screen-reader-text\">Z\u00e1chrana dat metodou ISP (direct eMMC)<\/span><\/a><\/p>\n","protected":false},"author":1,"featured_media":0,"parent":0,"menu_order":0,"comment_status":"closed","ping_status":"closed","template":"","meta":{"_joinchat":[],"footnotes":""},"class_list":["post-225","page","type-page","status-publish","hentry"],"_links":{"self":[{"href":"https:\/\/frp.macphone.cz\/subdom\/frp\/jak-odstranit-frp-google-ucet\/wp-json\/wp\/v2\/pages\/225","targetHints":{"allow":["GET"]}}],"collection":[{"href":"https:\/\/frp.macphone.cz\/subdom\/frp\/jak-odstranit-frp-google-ucet\/wp-json\/wp\/v2\/pages"}],"about":[{"href":"https:\/\/frp.macphone.cz\/subdom\/frp\/jak-odstranit-frp-google-ucet\/wp-json\/wp\/v2\/types\/page"}],"author":[{"embeddable":true,"href":"https:\/\/frp.macphone.cz\/subdom\/frp\/jak-odstranit-frp-google-ucet\/wp-json\/wp\/v2\/users\/1"}],"replies":[{"embeddable":true,"href":"https:\/\/frp.macphone.cz\/subdom\/frp\/jak-odstranit-frp-google-ucet\/wp-json\/wp\/v2\/comments?post=225"}],"version-history":[{"count":4,"href":"https:\/\/frp.macphone.cz\/subdom\/frp\/jak-odstranit-frp-google-ucet\/wp-json\/wp\/v2\/pages\/225\/revisions"}],"predecessor-version":[{"id":233,"href":"https:\/\/frp.macphone.cz\/subdom\/frp\/jak-odstranit-frp-google-ucet\/wp-json\/wp\/v2\/pages\/225\/revisions\/233"}],"wp:attachment":[{"href":"https:\/\/frp.macphone.cz\/subdom\/frp\/jak-odstranit-frp-google-ucet\/wp-json\/wp\/v2\/media?parent=225"}],"curies":[{"name":"wp","href":"https:\/\/api.w.org\/{rel}","templated":true}]}}